- 24. List the prime factors of c.
3, 17
List the prime factors of -5*((-1626)/30 - -6).
241
Let u(d) = 2*d**2 - 18*d - 16. What are the prime factors of u(13)?
2, 11
Suppose 2*k - 394 = -3*d + d, 4*d - 786 = -3*k. List the prime factors of d.
3, 5, 13
Suppose -2*n = -56 - 64. What are the prime factors of n?
2, 3, 5
Let x be (-1 + 0 + 9)/2. Suppose -51 = m - x*m. What are the prime factors of m?
17
Suppose 2*x + 4*k = 154, -k + 151 = 5*x - 3*x. Suppose -2*r = 63 + x. What are the prime factors of 1/(-2) + r/(-6)?
11
Let s(i) = 5*i - 8*i - 3 + 0. List the prime factors of s(-4).
3
Let v(g) = 5*g**2 + 9*g + 10. Let s(t) = 11*t**2 + 18*t + 20. Let j(u) = -4*s(u) + 9*v(u). What are the prime factors of j(-9)?
2, 5
Let k(f) = -118*f**3 - f - 2. List the prime factors of k(-1).
3, 13
Suppose 0*a + 3*a = 135. Suppose 15 = -5*x, 3*u - a = 6*x - 2*x. What are the prime factors of u?
11
Suppose 2*y + 0*y = 2. What are the prime factors of 3 + 23 + -3 + y?
2, 3
Let v = 8 + -8. Suppose -5*l + 5 + 95 = v. Suppose 0 = 3*t + l - 56. List the prime factors of t.
2, 3
Suppose n - 34 - 56 = 0. List the prime factors of n.
2, 3, 5
Let r = -31 - -16. Let p = 23 + r. What are the prime factors of p?
2
What are the prime factors of 174 - ((-8)/20 + (-24)/(-10))?
2, 43
Suppose 2*w - 4*w = -350. List the prime factors of w.
5, 7
Suppose -12*q + 16*q - 16 = 0. What are the prime factors of q?
2
Let y(z) = -z - 3. Let m be y(-5). Suppose 0 = -x + m*x + 2*v - 9, 0 = -v + 2. List the prime factors of x.
5
Suppose 0 = 5*g - 3*g - 3*n - 393, 3*g + n - 606 = 0. List the prime factors of g.
3, 67
Let f(y) = 2*y**3 - y**2 + 4*y - 3. Let b be f(2). Suppose -5*z + 4*n + 0*n = -b, 0 = -3*z - 4*n + 23. What are the prime factors of z?
5
Suppose -5*o - 4 + 291 = 3*u, -u + 3*o = -105. List the prime factors of u.
3, 11
Let z(f) = -2*f - 6. Let l be z(-7). Suppose 0 = a - 3*a + l. What are the prime factors of 1/(1 - a/6)?
3
Suppose 10*o - 7*o = 60. What are the prime factors of o?
2, 5
Suppose 7 = r + r - 5*o, -3*o = 3. Let x = r - -4. What are the prime factors of x?
5
Let z(r) = 2*r**3 - 2*r**2 + 2*r. Let f = -3 + 5. List the prime factors of z(f).
2, 3
Let m(n) = 13*n + 3. Let g(x) = -7*x - 2. Let c(f) = -11*g(f) - 6*m(f). Suppose -2*h - 2*y - 10 = 0, -2*h + 4*y = y + 15. What are the prime factors of c(h)?
2, 5
List the prime factors of 6810/35 + -2 + 17/7.
3, 5, 13
Let q = 23 + 15. Suppose 4*h = -14 + q. List the prime factors of h.
2, 3
Let m(t) = t**3 - 4 + 2*t**2 - 5 - 7*t**2 + 2*t + 2. Let y be m(5). List the prime factors of 9 + 1/3*y.
2, 5
Suppose 4*v = q - 14, -6*q + 23 = -2*q - 5*v. List the prime factors of (4 - -2)/q - -11.
2, 7
Let x(m) = 4*m - 8. Let u(i) = i**2 + 7*i + 4. Let a be u(-7). List the prime factors of x(a).
2
Let h = -39 - -17. Let l = h + 38. What are the prime factors of l?
2
Let d(v) = -2*v - 9. Let m be d(-10). Let a be 15/2*(-4)/(-6). Let n = m - a. What are the prime factors of n?
2, 3
Let u be ((-6)/(-2) - -78) + -3. Suppose -i + 2*s = 4*i - u, 0 = s - 1. List the prime factors of i.
2
Suppose 8 = -a - 3*b, -3*a - 2*b = -0*a + 52. Let c be 6/2*a/(-15). What are the prime factors of ((-5)/c)/((-1)/8)?
2, 5
Let p(j) = j**3 - j**2 - j - 69. Let k be p(0). Let s = -40 - k. What are the prime factors of s?
29
Let k(c) = 14*c**2 + 2*c. Let y be k(2). Suppose 0 = -f - w + y - 21, 0 = w + 3. List the prime factors of f.
2, 3, 7
Let p = 11 + -7. Suppose c + c = p. Suppose r + 12 = c*r. List the prime factors of r.
2, 3
Suppose 3*h - 2*c - 12 = c, -2*h + 8 = 5*c. Suppose 3*y + 2*y + p - 251 = 0, 3*p - 192 = -h*y. What are the prime factors of y?
3, 17
Suppose -3*x - 42 = -5*x. Suppose -3*o = x + 24. Let t = -8 - o. What are the prime factors of t?
7
Suppose 0 = -z - 2*t + 42 - 6, -5*z = t - 153. Suppose -z = -2*u - u. Suppose -b + 0*b + u = 0. List the prime factors of b.
2, 5
Let q(x) be the third derivative of -x**6/120 - x**5/12 - x**4/6 + 2*x**3/3 + 2*x**2. List the prime factors of q(-4).
2
Let d be ((-10)/(-4))/((-3)/(-6)). Let g = d + -5. Let r(h) = h**3 + h**2 + 17. List the prime factors of r(g).
17
Let q = -11 + 16. Let t = -3 + q. List the prime factors of t.
2
Suppose -13*x + 396 = -9*x. What are the prime factors of x?
3, 11
Suppose 0 = 4*m + d - 42, -m - 4*d + 3 = -0*d. Suppose m = z - 5. Let i = 26 - z. What are the prime factors of i?
2, 5
What are the prime factors of (12/10)/((-417)/140 - -3)?
2, 7
Let w(s) = -3 + 4 + 1 - 1 - 5*s - s**2. What are the prime factors of w(-3)?
7
Let g(l) = 7*l**2 + 2*l - 1. Let j = -7 + 10. Suppose -u = h + 2*h - 2, -u - j = -2*h. What are the prime factors of g(h)?
2
Let t(i) = i**2 + i. Let u(h) = 4*h**2 - 8*h + 7. Let y(m) = -m**2 - m - 1. Let q(o) = -u(o) - 3*y(o). Let r be q(11). List the prime factors of t(r).
2, 3
Let q = 7 - -1. Let h = -5 + q. List the prime factors of h + 7 + (0 - 1).
3
Suppose 7 + 69 = 4*g. What are the prime factors of g?
19
Suppose 3*c - 6 = 2*c. Suppose -5*p + 3*u + 4 + 0 = 0, p + 2*u = c. Suppose -p*m = -7 - 9. What are the prime factors of m?
2
What are the prime factors of (-6)/3 - (-4 - 162)?
2, 41
What are the prime factors of 210/6 - (3 + -1)?
3, 11
Let n(o) = -3*o**2 + o + 6. Let c(r) = -16*r**2 + 6*r + 31. Let f(w) = -2*c(w) + 11*n(w). Suppose -i = -3*i. List the prime factors of f(i).
2
Let t(r) = -r**2 + 7*r + 7. Let c be t(8). Let g = c - -3. Suppose -4*v - 5*b + 15 = -34, 5*b = -g*v + 37. List the prime factors of v.
2, 3
Let a = 1 - -1. What are the prime factors of a?
2
Let l(f) = 4*f + 32. What are the prime factors of l(18)?
2, 13
Let q = 8 + -8. Suppose q = o + 4*o - 20. What are the prime factors of 6 + (-3 - -6 - o)?
5
Let g be (21/(-5))/(4/(-20)). Suppose -3*c + g + 33 = 0. What are the prime factors of c?
2, 3
Let k(q) = q**3 + 6*q**2 + 3*q + 1. List the prime factors of k(-4).
3, 7
Suppose -2*q - v + 7 + 0 = 0, v - 16 = -5*q. Suppose -q*w = -0*w - 27. What are the prime factors of w?
3
Let p be (2/4)/((-1)/(-36)). Let a = -10 + p. What are the prime factors of a?
2
Let g be 2/(-1*(-2)/(-14)). Let t = g - -29. Let q = 24 - t. List the prime factors of q.
3
Let k(l) = 3 - l - 2*l - 11 - l. What are the prime factors of k(-7)?
2, 5
Suppose 4*n - 22 = -5*j, 4*n - j = n + 7. Suppose -3*h + 14 = -2*t, 20 - 7 = n*h - t. Suppose -4*f = h*r - 16, r + 1 = 3. List the prime factors of f.
2
List the prime factors of 4/(-22) + 1201/11.
109
Let k = 1 - 0. What are the prime factors of k + (0 - 3) + 7?
5
Let n be 14/(0/(-2) + 2). Let j(c) = -c**2 + 7*c. Let x be j(n). Suppose 5*h - 4*h - 8 = x. What are the prime factors of h?
2
Suppose -13*l + 356 = -9*l. What are the prime factors of l?
89
Suppose 0*s - 2*s - 2 = 0. Let j be 1 - 2/1 - s. Let i = j + 3. What are the prime factors of i?
3
Suppose 2*s - 3*s = 114. What are the prime factors of s/(-27) + (-2)/9?
2
Let c be 17 - (0 + -3 - 1). List the prime factors of 3/c - (-838)/14.
2, 3, 5
List the prime factors of -1 + 0 + 80/2.
3, 13
Suppose 3*x = -2*o + 1 + 3, 3*x - 6 = 0. Let m(y) = -58*y**3 + y**2 + y. List the prime factors of m(o).
2, 29
Let p = 677 - 438. List the prime factors of p.
239
Let t be 2*(39/6 + -1). Let d = t + -8. List the prime factors of d.
3
Suppose -s - 5*q - 21 + 8 = 0, 0 = 3*s - 2*q - 12. Suppose s*h = 4*h - 48. What are the prime factors of h?
2, 3
Let j = 101 + -209. Let b = j - -198. Suppose 0 = -2*g - 3*g + b. List the prime factors of g.
2, 3
Let b = 287 - 133. Suppose 4*p = -5*n + b, 2*n = -p + 4*n + 45. List the prime factors of p.
41
Let j(w) = w**2 - 6*w + 9. Suppose 0*f = 4*f - 36. List the prime factors of j(f).
2, 3
Let b(q) = 5*q**2 + 2*q - 1. Let p be b(1). Suppose -p = -3*o - 5*s, -s + 1 = -2*o + 5. Suppose 3*w + 3*d = 2 + 1, 10 = o*w - 2*d. List the prime factors of w.
3
Let i(d) = 4*d**2 + 7*d - 8. Let l be i(5). Suppose -3*j - 8 + l = s, 0 = -j - 3*s + 53. What are the prime factors of j?
2, 19
Let r be (2 + -5)/((-3)/2). Suppose r*c = -c + 42. List the prime factors of c.
2, 7
Suppose -5*y = 3*c - 235, 5*c + 4*y - 3 = 380. List the prime factors of c.
3, 5
Let p = -2 + 1. Let i = 6 - p. What are the prime factors of i?
7
Suppose -2*s + 4*b = -26, b + 36 = 3*s - 4*b. Suppose 0 = -4*p - 18 + 46. Suppose -s = -i - 4*v, 3*i = 6*i - 2*v - p. List the prime factors of i.
3
L